mmon factor of 40 and y?
8
Let q(d) = -d**3 - 8*d**2 + d + 2. Let c be q(-8). Let r be 2/((c/195)/(-2)). Suppose -4*y = -r - 98. What is the greatest common factor of 38 and y?
19
Let u(t) = 64*t. Suppose 0 = 2*a - 2*c - 8, a - 2*c - 7 = -0*a. Let s be u(a). What is the greatest common divisor of s and 8?
8
Let n(z) = z**2 - 8*z + 5. Let j be n(8). Suppose 0*m - m + j*x + 16 = 0, 3*x - 12 = -3*m. Let k = m - -66. Calculate the greatest common divisor of 8 and k.
8
Suppose -5*w - 25 = -5*k, w = -3*k + k + 22. Let h = -121 + 193. Calculate the highest common divisor of k and h.
9
Suppose -5*r + 838 = 178. Suppose -4*h = -8*h + r. Let l = 0 + 3. What is the greatest common divisor of h and l?
3
Let b = 419 + -407. Suppose -255 = -5*r + 5*p, 0*p - 2*p + 234 = 5*r. What is the highest common factor of r and b?
12
Suppose -37 = -5*s + 58. Calculate the highest common divisor of 19 and s.
19
Let n(x) = x**2 - 2. Let t be n(-4). Let a = -371 - -385. Calculate the greatest common factor of t and a.
14
Suppose -b = 2*b - 165. What is the greatest common factor of b and 5?
5
Suppose -4 = 2*v + 2*z + 2, 4*v - z = -2. Let r = v - -3. What is the greatest common factor of 8 and r?
2
Suppose -90 = -b + 4*c - 2, 2*b - 2*c - 164 = 0. Let p = -2 + 4. Suppose 2 + 13 = p*v - t, 3*t + 35 = 5*v. What is the greatest common divisor of v and b?
10
Suppose 3*u = 2*u + 6. Let l be 136/u + 4/(-6). What is the greatest common divisor of l and 2?
2
Suppose 3*m - 2*b - 28 = -0*b, 2*m - 5*b = 15. Suppose 4*l + f = -2*f + 28, l + 4*f = 20. What is the greatest common factor of m and l?
2
Let c(b) = b**2 - 7*b + 17. Let r be c(7). What is the highest common divisor of 136 and r?
17
Let b = 6 + -5. Let v be ((2 - b) + -2)*-3. What is the greatest common factor of v and 15?
3
Suppose -4*o = -85 - 35. Let k be o/8 + 4/16. Calculate the highest common divisor of k and 4.
4
Suppose 2*v - 10 = -50. Let u be v/(-12) - 2/(-6). Let q be 6/(u + (-40)/22). What is the highest common factor of q and 22?
11
Let h = 111 + -45. What is the highest common factor of h and 6?
6
Let r = 1 + 2. Let f = r + 1. Suppose k = 2*k - 10. What is the highest common divisor of k and f?
2
Let m(u) = u**3 - 6*u**2 + 3*u - 4. Let c be m(6). Suppose 0 = -4*l - 5*z + 280, 4*l - 2*l - 2*z = 140. Calculate the highest common divisor of l and c.
14
Let d(v) = -2*v**2 - 8*v - 3. Let j be d(6). Let x be j/(-9) + 2/6. What is the greatest common divisor of 14 and x?
14
Let q = 35 + 119. Suppose -28 = -3*p + 5*p. Let w be (-2)/(-7) - 192/p. What is the greatest common divisor of w and q?
14
Suppose 5*u + 0 = 10. Suppose u*o = 6 - 32. Let c = -9 - o. Calculate the highest common divisor of 12 and c.
4
Let a(o) = 13*o**3 - 4*o**2 + 3*o + 4. Let r be a(2). What is the highest common divisor of 14 and r?
14
Let b be -2*((-1)/(-1) - 89). Suppose -7*u = -2*u - 400. Suppose 0*q - u = -5*q. Calculate the highest common factor of q and b.
16
Let o(w) = w**3 + w**2. Let d be o(4). Calculate the greatest common divisor of 20 and d.
20
Suppose 83 = 2*j - 141. Calculate the highest common divisor of j and 14.
14
Let d = 3 + 0. Let n(s) = 0 + s**2 + d - 4. Let c be n(5). Calculate the greatest common divisor of c and 8.
8
Let k(i) be the second derivative of 5*i**4/12 + 2*i**3/3 - 2*i**2 - 3*i. Let z be k(-4). What is the highest common divisor of z and 15?
15
Let p = 8 + -1. Suppose -p - 11 = -3*w. Let q be 2/(w/(-4) + 2). Calculate the greatest common divisor of q and 4.
4
Let u be 3/(-2) + 2/4. Let d = u + 3. Let g be (-22)/(-4) - (-1)/2. What is the greatest common divisor of g and d?
2
Let v(f) = -2*f - 5. Let r be v(-5). Let l(h) = h**3 - 5*h**2 + 2*h - 6. Let j be l(r). Calculate the greatest common factor of 32 and j.
4
Let j = 3 - 1. Suppose 8*i = 19 + 93. Calculate the highest common divisor of j and i.
2
Suppose 19*i = 15*i + 28. Calculate the highest common divisor of 1 and i.
1
Let y = -23 + 41. Suppose 4*n = 7*n - 3*l - 33, -8 = -2*n - 5*l. What is the greatest common divisor of y and n?
9
Let m = -1 - -2. What is the greatest common factor of 1 and m?
1
Let a = -11 - -6. Let m be 2 + a/(15/(-138)). Calculate the greatest common divisor of 12 and m.
12
Suppose s - 17 = 46. Let u = 47 - 118. Let r = -29 - u. What is the greatest common divisor of r and s?
21
Let d be (16/(-10))/(7/(-35)). Calculate the highest common divisor of 2 and d.
2
Suppose -a + 11 = v, 0*v = v + 4*a - 20. What is the highest common divisor of 24 and v?
8
Let d be (1 - 2)/(3/(-6)). Suppose 18 - d = 4*u. Suppose -x + u = x. Calculate the highest common divisor of 2 and x.
2
Let t be 6/(-4)*3640/(-39). What is the highest common divisor of 20 and t?
20
Let w(u) = u**3 + 9*u**2 - 8*u + 30. Let i be w(-10). What is the highest common factor of i and 80?
10
Suppose -4*z = 4*v - 816, -2*v + 5*v + 830 = 4*z. Suppose 2*r - 80 = g + 66, -5*g = 3*r - z. Calculate the greatest common factor of 9 and r.
9
Let t be 1/((-6)/4 + 2). Suppose 3*x + t*a - 30 = -a, -4*x = -3*a - 33. Let b = -5 + x. What is the greatest common divisor of b and 8?
4
Suppose 4*a = 9*a - 50. What is the highest common factor of a and 50?
10
Let u = -231 - -419. Let w = u - 76. Suppose -4*x = -0*x - w. Calculate the highest common divisor of 4 and x.
4
Let q = -8 - -10. Suppose r - 3 = -q*r. What is the highest common factor of r and 11?
1
Suppose 19 = 4*p - 33. Calculate the greatest common divisor of p and 65.
13
Let l = -7 - -11. Let o be (-3)/((-3)/2)*l. Calculate the highest common divisor of o and 64.
8
Let b(h) = 2*h**2 + 5*h - 4. Let v be b(-4). Calculate the highest common divisor of v and 1.
1
Let o = 233 - 158. Let u be ((-1)/1*o)/(-1). Calculate the greatest common divisor of 15 and u.
15
Let y be 39 + 5/((-15)/12). Calculate the greatest common divisor of y and 5.
5
Let f = 45 + -9. What is the greatest common divisor of f and 9?
9
Suppose 599 = 5*q - 2*t, -4*t = q - 159 + 48. Calculate the greatest common factor of 17 and q.
17
Let h(w) = 12*w**2 + 5*w + 3. Let g be h(-3). Let t = -2 + 6. Suppose -4*v + 4*c + 36 = 0, c = t*v - 0*c - 45. Calculate the greatest common factor of v and g.
12
Let g(m) = 36*m**2 - m + 1. Let c be g(1). Let q(t) = -t**3 - 3*t**2 + 2. Let i be q(-2). Let p = i - -20. What is the highest common divisor of p and c?
18
Suppose 4*d + 0*o + 75 = 3*o, -3*d + 2*o - 55 = 0. Let f = 23 + d. Suppose -293 = -5*b - 13. What is the greatest common divisor of f and b?
8
Let b(j) = j**3 - 8*j**2 + 2*j - 2. Let n be b(8). Let p(g) = 3*g + 1. Let l be p(2). Calculate the greatest common divisor of n and l.
7
Let r be (3 - 0) + (-12)/4. Suppose h = -r*h + 3. Let y be (2/(-3))/(h/(-63)). Calculate the greatest common divisor of y and 70.
14
Let k be 2/4*(1 - -1). Let r be 2/7 - (-36)/21. Let u = r - -5. What is the highest common factor of u and k?
1
Let f(z) = 7*z**2 - 9*z + 2. Let g be f(7). Suppose -168 = -3*b + p + 2*p, -5*b + 3*p + g = 0. Calculate the highest common factor of b and 38.
19
Suppose -2*f = -4*f + 228. Suppose -3*y + f = 9. Calculate the greatest common factor of y and 5.
5
Suppose -3*z + 7 = -2*z. Let g(x) = -x**2 + 9*x - 7. Let y be g(z). Calculate the greatest common factor of y and 7.
7
Suppose 0 = -3*r - 5*l + 43, -2*r - l = 2*l - 27. Calculate the greatest common factor of r and 48.
6
Suppose 2*l + 2*l = 4, -4*l = -4*w + 104. Calculate the greatest common factor of w and 9.
9
Let r be 0 + (-6)/(-10) + 1671/15. Let i = -18 + 34. What is the highest common divisor of i and r?
16
Let f be (3/9)/((-3)/(-9)). Let h = 0 + f. Suppose 0 = -5*s - 2*z + 5 - 2, 2*s - 6 = 4*z. Calculate the greatest common divisor of h and s.
1
Let q(s) = s**2 + 1. Let r(h) = -12*h**3 + 4*h**2 + 2*h + 7. Let t(p) = 6*q(p) - r(p). Let i be t(2). Calculate the greatest common factor of 9 and i.
9
Let u = 231 - 131. Suppose 5*n - 540 = -u. Calculate the greatest common divisor of 8 and n.
8
Let l be (9*14/147)/(2/14). Calculate the highest common divisor of 18 and l.
6
Let q be 30 + (-1 + 1)*(-2)/4. What is the highest common factor of q and 6?
6
Let s be (-1920)/(-190) + 4/(-38). Calculate the highest common factor of s and 70.
10
Let s be 0*(-1)/3 - -89. Let w = s + 10. Suppose -22 = -i + w. What is the greatest common divisor of i and 11?
11
Suppose -640 + 13 = -